est common divisor of 20 and 498555?
5
Calculate the greatest common factor of 690 and 100878.
138
Calculate the greatest common factor of 3080 and 1188.
44
What is the greatest common factor of 10593 and 825?
33
Calculate the greatest common factor of 203631 and 21747.
1977
What is the highest common factor of 61776 and 1560?
312
Calculate the greatest common factor of 1059336 and 90.
18
Calculate the greatest common factor of 3069 and 171523.
341
Calculate the highest common divisor of 627 and 6313263.
627
What is the highest common divisor of 246991 and 1468?
367
Calculate the highest common factor of 14234 and 880.
22
Calculate the highest common factor of 216 and 1433214.
54
What is the highest common divisor of 597922 and 1885?
377
Calculate the greatest common factor of 222 and 104340.
222
What is the greatest common divisor of 111665 and 115?
115
What is the greatest common factor of 1528208 and 836?
836
Calculate the greatest common factor of 24 and 175839.
3
What is the greatest common factor of 352156 and 119?
7
What is the greatest common factor of 274 and 222?
2
What is the highest common factor of 110 and 530?
10
What is the highest common divisor of 1872 and 5976?
72
What is the greatest common factor of 1334 and 156194?
58
What is the highest common factor of 4242 and 84?
42
Calculate the highest common factor of 36 and 41175.
9
What is the highest common factor of 3829325 and 141?
47
What is the greatest common factor of 6193899 and 306?
153
What is the highest common divisor of 45864 and 1896?
24
Calculate the highest common factor of 9 and 144843.
3
What is the greatest common divisor of 5883 and 30369?
159
What is the highest common divisor of 80 and 4840?
40
Calculate the highest common divisor of 125 and 7350.
25
What is the highest common divisor of 559508 and 548?
548
Calculate the highest common divisor of 46 and 342654.
46
What is the highest common factor of 5838 and 1176?
42
Calculate the greatest common factor of 46967 and 268.
67
What is the greatest common divisor of 58 and 80894?
2
What is the greatest common factor of 945268 and 136?
68
Calculate the highest common divisor of 912 and 1938.
114
Calculate the greatest common factor of 2289 and 872.
109
What is the greatest common factor of 701915 and 395?
395
What is the greatest common factor of 216 and 43048?
8
Calculate the highest common divisor of 1985 and 320.
5
Calculate the highest common factor of 64 and 425648.
16
What is the highest common factor of 1909 and 1587?
23
Calculate the highest common factor of 9 and 59895.
9
What is the greatest common divisor of 2040517 and 857?
857
What is the greatest common divisor of 85904 and 238?
14
What is the greatest common divisor of 91762 and 22?
22
What is the greatest common divisor of 61488 and 896?
112
Calculate the highest common factor of 1232 and 2114.
14
What is the highest common divisor of 49545 and 405?
135
What is the highest common factor of 14844 and 234?
6
What is the highest common divisor of 54738 and 162?
18
Calculate the greatest common factor of 47674 and 484.
242
What is the greatest common factor of 11021977 and 149?
149
What is the highest common factor of 44 and 6200018?
22
Calculate the highest common divisor of 3567 and 125889.
87
What is the highest common divisor of 77868 and 6363?
63
What is the greatest common factor of 140 and 643930?
70
Calculate the greatest common factor of 230 and 3880.
10
Calculate the highest common divisor of 14 and 201817.
7
What is the highest common divisor of 5320 and 4360?
40
What is the highest common divisor of 40934 and 14162?
194
Calculate the greatest common factor of 1548 and 11524.
172
What is the greatest common divisor of 45188 and 78?
26
Calculate the greatest common divisor of 19 and 14041.
19
What is the highest common factor of 59250 and 228000?
750
Calculate the greatest common divisor of 9852333 and 51.
51
Calculate the highest common factor of 189 and 7454727.
189
Calculate the highest common divisor of 374706 and 6168.
1542
What is the greatest common factor of 1554 and 21534?
222
Calculate the greatest common divisor of 663 and 6131203.
221
Calculate the greatest common factor of 546 and 41691.
39
What is the highest common factor of 430310 and 148?
74
What is the greatest common factor of 848 and 622644?
212
Calculate the highest common divisor of 132 and 192.
12
Calculate the greatest common factor of 167061 and 717.
717
Calculate the greatest common divisor of 649 and 1829.
59
What is the highest common factor of 260 and 453570?
130
Calculate the highest common factor of 6396 and 18.
6
Calculate the highest common divisor of 1072 and 1904.
16
What is the highest common divisor of 1696 and 126176?
32
What is the highest common divisor of 40110 and 420?
210
What is the highest common factor of 620 and 2263?
31
Calculate the highest common factor of 107705 and 25.
5
What is the highest common factor of 110220 and 528?
132
Calculate the greatest common divisor of 256311 and 54.
27
Calculate the greatest common divisor of 1210485 and 1410.
705
What is the highest common factor of 202119 and 4?
1
Calculate the greatest common factor of 69 and 1575339.
69
Calculate the highest common divisor of 11 and 5513167.
11
Calculate the highest common factor of 146 and 57962.
146
Calculate the highest common divisor of 1030 and 640.
10
Calculate the greatest common divisor of 806809 and 86.
43
What is the highest common factor of 1532348 and 688?
172
Calculate the greatest common factor of 1836 and 5814.
306
What is the highest common divisor of 94 and 10908794?
94
Calculate the greatest common divisor of 3870072 and 621.
621
Calculate the greatest common divisor of 2 and 235026.
2
What is the highest common divisor of 2435 and 267363?
487
What is the highest common factor of 107146 and 27896?
634
What is the greatest common factor of 6059 and 803?
73
Calculate the highest common divisor of 1989052 and 1131.
377
Calculate the greatest common divisor of 96815 and 255.
85
Calculate the highest common divisor of 19738 and 3753.
139
What is the greatest common factor of 129 and 19909?
43
What is the greatest common factor of 31066 and 2366?
14
What is the highest common divisor of 119 and 315?
7
Calculate the greatest common divisor of 8853 and 169.
13
What is the highest common factor of 10681 and 33?
11
What is the greatest common divisor of 3638 and 34882?
214
What is the highest common divisor of 30226 and 2286?
254
Calculate the highest common factor of 82816 and 2560.
128
Calculate the greatest common factor of 2678187 and 177.
177
What is the highest common factor of 47474 and 14?
14
Calculate the highest common factor of 70 and 111820.
10
What is the greatest common divisor of 200 and 37640?
40
What is the highest common factor of 1270 and 48006?
254
What is the greatest common factor of 526773 and 3549?
507
What is the highest common divisor of 32 and 21820?
4
What is the highest common divisor of 30428 and 44?
4
Calculate the highest common divisor of 41 and 3917099.
41
What is the highest common divisor of 3 and 85623?
3
Calculate the highest common factor of 63 and 3303.
9
What is the highest common divisor of 351 and 8937?
27
Calculate the highest common divisor of 20629 and 392.
49
What is the highest common factor of 249 and 6391?
83
What is the highest common factor of 7774 and 391?
23
What is the greatest common factor of 500997 and 21?
21
What is the highest common factor of 106 and 125981?
53
What is the greatest common divisor of 2520673 and 19?
19
What is the greatest common factor of 285403 and 167?
167
Calculate the greatest common factor of 30 and 313395.
15
Calculate the greatest common divisor of 725 and 9164.
29
What is the greatest common divisor of 374 and 12716?
374
Calculate the greatest common divisor of 579124 and 52.
52
Calculate the highest common factor of 134 and 1600898.
134
Calculate the highest common divisor of 816102 and 508.
254
Calculate the highest common factor of 375 and 1236525.
75
Calculate the greatest common factor of 1065 and 132495.
15
What is the greatest common factor of 285 and 10565?
5
Calculate the greatest common factor of 3516 and 552.
12
What is the highest common divisor of 9345 and 3764